{"version":"1.0","provider_name":"MEDIA PLATEFORME | FR","provider_url":"https:\/\/www.mediaplateforme.com\/fr","author_name":"Mediaplateforme","author_url":"https:\/\/www.mediaplateforme.com\/fr\/author\/mohamedladib\/","title":"Le golf marocain s\u2019affirme dans l\u2019\u00e9lite golfique mondiale - MEDIA PLATEFORME | FR","type":"rich","width":600,"height":338,"html":"<blockquote class=\"wp-embedded-content\" data-secret=\"JGryecnLCt\"><a href=\"https:\/\/www.mediaplateforme.com\/fr\/le-golf-marocain-saffirme-dans-lelite-golfique-mondiale\/\">Le golf marocain s\u2019affirme dans l\u2019\u00e9lite golfique mondiale<\/a><\/blockquote><iframe sandbox=\"allow-scripts\" security=\"restricted\" src=\"https:\/\/www.mediaplateforme.com\/fr\/le-golf-marocain-saffirme-dans-lelite-golfique-mondiale\/embed\/#?secret=JGryecnLCt\" width=\"600\" height=\"338\" title=\"\u00ab\u00a0Le golf marocain s\u2019affirme dans l\u2019\u00e9lite golfique mondiale\u00a0\u00bb &#8212; MEDIA PLATEFORME | FR\" data-secret=\"JGryecnLCt\" frameborder=\"0\" marginwidth=\"0\" marginheight=\"0\" scrolling=\"no\" class=\"wp-embedded-content\"><\/iframe><script type=\"text\/javascript\">\n\/* <![CDATA[ *\/\n\/*! This file is auto-generated *\/\n!function(d,l){\"use strict\";l.querySelector&&d.addEventListener&&\"undefined\"!=typeof URL&&(d.wp=d.wp||{},d.wp.receiveEmbedMessage||(d.wp.receiveEmbedMessage=function(e){var t=e.data;if((t||t.secret||t.message||t.value)&&!\/[^a-zA-Z0-9]\/.test(t.secret)){for(var s,r,n,a=l.querySelectorAll('iframe[data-secret=\"'+t.secret+'\"]'),o=l.querySelectorAll('blockquote[data-secret=\"'+t.secret+'\"]'),c=new RegExp(\"^https?:$\",\"i\"),i=0;i<o.length;i++)o[i].style.display=\"none\";for(i=0;i<a.length;i++)s=a[i],e.source===s.contentWindow&&(s.removeAttribute(\"style\"),\"height\"===t.message?(1e3<(r=parseInt(t.value,10))?r=1e3:~~r<200&&(r=200),s.height=r):\"link\"===t.message&&(r=new URL(s.getAttribute(\"src\")),n=new URL(t.value),c.test(n.protocol))&&n.host===r.host&&l.activeElement===s&&(d.top.location.href=t.value))}},d.addEventListener(\"message\",d.wp.receiveEmbedMessage,!1),l.addEventListener(\"DOMContentLoaded\",function(){for(var e,t,s=l.querySelectorAll(\"iframe.wp-embedded-content\"),r=0;r<s.length;r++)(t=(e=s[r]).getAttribute(\"data-secret\"))||(t=Math.random().toString(36).substring(2,12),e.src+=\"#?secret=\"+t,e.setAttribute(\"data-secret\",t)),e.contentWindow.postMessage({message:\"ready\",secret:t},\"*\")},!1)))}(window,document);\n\/* ]]> *\/\n<\/script>\n","thumbnail_url":"https:\/\/www.mediaplateforme.com\/fr\/wp-content\/uploads\/sites\/5\/2023\/11\/WhatsApp-Image-2023-10-31-at-12.54.19-1.jpeg","thumbnail_width":1600,"thumbnail_height":1067,"description":"Pr\u00e9sid\u00e9e par Son Altesse Royale Le Prince Moulay Rachid, la F\u00e9d\u00e9ration Royale Marocaine de Golf (FRMG) dresse le bilan des Championnats du Monde WATC 2023 (World Amateur Team Championship) qui se sont tenus du 18 au 28 octobre\u00a0au National Course d\u2019Abu Dhabi, \u00c9mirats Arabes Unis."}

Le golf marocain s’affirme dans l’élite golfique mondiale - MEDIA PLATEFORME | FR

<blockquote class="wp-embedded-content" data-secret="JGryecnLCt"><a href="https://www.mediaplateforme.com/fr/le-golf-marocain-saffirme-dans-lelite-golfique-mondiale/">Le golf marocain s’affirme dans l’élite golfique mondiale</a></blockquote><iframe sandbox="allow-scripts" security="restricted" src="https://www.mediaplateforme.com/fr/le-golf-marocain-saffirme-dans-lelite-golfique-mondiale/embed/#?secret=JGryecnLCt" width="600" height="338" title="« Le golf marocain s’affirme dans l’élite golfique mondiale » &#8212; MEDIA PLATEFORME | FR" data-secret="JGryecnLCt" frameborder="0" marginwidth="0" marginheight="0" scrolling="no" class="wp-embedded-content"></iframe><script type="text/javascript">
/* <![CDATA[ */
/*! This file is auto-generated */
!function(d,l){"use strict";l.querySelector&&d.addEventListener&&"undefined"!=typeof URL&&(d.wp=d.wp||{},d.wp.receiveEmbedMessage||(d.wp.receiveEmbedMessage=function(e){var t=e.data;if((t||t.secret||t.message||t.value)&&!/[^a-zA-Z0-9]/.test(t.secret)){for(var s,r,n,a=l.querySelectorAll('iframe[data-secret="'+t.secret+'"]'),o=l.querySelectorAll('blockquote[data-secret="'+t.secret+'"]'),c=new RegExp("^https?:$","i"),i=0;i<o.length;i++)o[i].style.display="none";for(i=0;i<a.length;i++)s=a[i],e.source===s.contentWindow&&(s.removeAttribute("style"),"height"===t.message?(1e3<(r=parseInt(t.value,10))?r=1e3:~~r<200&&(r=200),s.height=r):"link"===t.message&&(r=new URL(s.getAttribute("src")),n=new URL(t.value),c.test(n.protocol))&&n.host===r.host&&l.activeElement===s&&(d.top.location.href=t.value))}},d.addEventListener("message",d.wp.receiveEmbedMessage,!1),l.addEventListener("DOMContentLoaded",function(){for(var e,t,s=l.querySelectorAll("iframe.wp-embedded-content"),r=0;r<s.length;r++)(t=(e=s[r]).getAttribute("data-secret"))||(t=Math.random().toString(36).substring(2,12),e.src+="#?secret="+t,e.setAttribute("data-secret",t)),e.contentWindow.postMessage({message:"ready",secret:t},"*")},!1)))}(window,document);
/* ]]> */
</script>

Présidée par Son Altesse Royale Le Prince Moulay Rachid, la Fédération Royale Marocaine de Golf (FRMG) dresse le bilan des Championnats du Monde WATC 2023 (World Amateur Team Championship) qui se sont tenus du 18 au 28 octobre au National Course d’Abu Dhabi, Émirats Arabes Unis.
